of -5*i**2 - i - 54. Let b be 1 - (1/(-1) - -3). Let d be (-3 - -5)/(2*b). Give g(d).
9
Let u be 9 + (-3)/((-3)/(-7)). Let t(n) be the second derivative of -7*n + 0 + 1/12*n**4 - 1/6*n**3 - 1/2*n**u. Calculate t(2).
1
Let v(r) = -r**2 - 6*r - 15. Let k(z) = -z**2 - 8*z - 17. Let u(y) = -6*k(y) + 7*v(y). Suppose -3*d = -0*d - 66. Suppose d = 4*q + 6. What is u(q)?
5
Suppose -4*a - 3 - 17 = 4*u, 4*a - 3*u + 13 = 0. Let i(r) = -r - 1. Give i(a).
3
Let m(u) = 2*u - 409 - 3*u + 405. What is m(7)?
-11
Let y(a) = 9*a**3 - 23*a**2 - 16*a + 15. Let g(s) = -4*s**3 + 11*s**2 + 8*s - 8. Let q(d) = -7*g(d) - 3*y(d). What is q(9)?
20
Let i = -10 + 64. Let y(f) = 0*f - 52 + 7*f + i + 0*f. Calculate y(-4).
-26
Let h(m) = -m + 8. Let t = -351 - -355. Give h(t).
4
Suppose -5*k - f + 85 = 4*f, 11 = 3*k - 5*f. Suppose 2*l + 2*l + k = 0. Let o(q) = q**2 - 1 - 2 + 2*q - 4*q. What is o(l)?
12
Let m be 8*(-1 - (-2)/8). Let o(q) = q - 4 + 6 + 4. Calculate o(m).
0
Let k = -1126 + 1127. Let m(z) = 44*z + 1. Give m(k).
45
Let b(f) = f**3 - 11*f**2 + 11*f - 9. Let t(k) = -k**3 + 5*k**2 + 2*k - 2. Let y be t(4). Let v = -12 + y. What is b(v)?
1
Let i(s) = -2*s - 8. Let k be i(-5). Let l(c) = -5 + 4 - c - 4*c - 2*c**k + 3*c - 8*c**3. What is l(-1)?
7
Suppose 28 = 15*o - 47. Let b(p) = p - 14 + o + 7 + 4. Determine b(-6).
-4
Let h(s) be the first derivative of -s**3/6 - 7*s + 38. Let v(l) be the first derivative of h(l). Determine v(7).
-7
Let l(m) be the third derivative of -m**7/840 - 7*m**6/360 - 7*m**5/120 + m**4/4 + m**3/2 + 7*m**2. Let x(n) be the first derivative of l(n). What is x(-6)?
12
Let y(h) = -h**3 - 5*h**2 - 4*h - 3. Suppose -4*i - 4*s + 5 - 13 = 0, 0 = -5*s. Calculate y(i).
-7
Suppose 3*t = -0*t + 18. Let q(b) = b**3 - 6*b**2 + 3. Let f be q(t). Let a(z) = -z - 4. What is a(f)?
-7
Let v = -12 + 8. Let o(u) = -u. Let d(n) = -7*n + 5. Let h(y) = -d(y) + o(y). Let w(l) = 3*l - 3. Let s(f) = 6*h(f) - 11*w(f). What is s(v)?
-9
Let q(o) = -o**2 - 9*o. Suppose -18*b + 2*m = -22*b - 30, -2*m = -2*b - 18. What is q(b)?
8
Suppose -3*d - 8*d + 33 = 0. Let f(m) = -7*m - 77 - 2*m**2 + d*m + 80. Calculate f(2).
-13
Suppose -4*d - 1 = -2*n + 7, 5*n = d - 7. Let y(l) be the third derivative of l**5/20 + l**4/8 - 2*l**3/3 - 12*l**2. Determine y(d).
14
Let b(i) = i. Let w(v) = 3*v + 5. Let z(u) = -2*b(u) + w(u). Determine z(-8).
-3
Let o(m) = -20*m - 68. Let b(x) = -7*x - 23. Let q(l) = 17*b(l) - 6*o(l). What is q(13)?
30
Let s(i) be the third derivative of i**5/60 + 5*i**4/24 - 5*i**3/6 - i**2. Determine s(-5).
-5
Suppose 0 = 4*a - 3*a - 8. Let g = a - 16. Let n(z) = -3*z**2 - 5*z + 41. Let v(u) = u**2 + u - 14. Let d(k) = 3*n(k) + 8*v(k). Calculate d(g).
3
Let u(s) = 3*s + 24. Let y(v) = 2*v + 11. Let o(i) = 3*u(i) - 5*y(i). What is o(23)?
-6
Let u(m) be the second derivative of m**7/840 + m**6/90 - m**5/40 + 7*m**4/24 - m**3 + 34*m. Let g(k) be the second derivative of u(k). Calculate g(-5).
-3
Let d(a) = 11*a - 1. Let n = 52 + -50. Suppose -n*u - 9 = 7*u. Determine d(u).
-12
Let i(k) = -5*k. Let s(g) = 7*g - 2. Let r(c) = -4*i(c) - 3*s(c). Calculate r(3).
3
Suppose 20 = -4*w - a - 2*a, -3*a = -2*w + 8. Let z = -75 + 71. Let l(q) = -48*q - 21. Let h(g) = -7*g - 3. Let j(m) = z*l(m) + 27*h(m). Determine j(w).
-3
Let u = -2 + 0. Let h(g) = 2*g**2 + 2*g - 10. Let z(j) = j**2 + 2*j - 7. Let b(p) = 3*h(p) - 4*z(p). What is b(u)?
10
Let x(i) = -i**3 - 17*i**2 + 19*i + 22. Let c be 198/55*5/(-1 + 0). Determine x(c).
4
Let n(d) = d - 7. Let g be (-7)/(-9) + -3*8/(-108). Let k be 30/4 + g/6*3. Determine n(k).
1
Let o(s) = s**3 + 7*s**2 - 8*s + 4. Let t = 22 - 17. Suppose -3*k - 26 = -t*y, 0*y - 4*y + 4*k = -24. Let d(w) = -w**2 + 3*w - 4. Let b be d(y). Determine o(b).
4
Let f(x) = -x - 1. Let u = 29 + -23. Suppose 18 = 5*j - 22. Suppose 5*o + 0*n - u = -3*n, j = 4*n. Determine f(o).
-1
Let f(q) = 2*q**2 + 3*q + 3. Let y be -2 - (5 - (-15)/(-5)) - -3. Give f(y).
2
Suppose 0*t = 18*t + 36. Let g(w) = -w - 1. Give g(t).
1
Let x(o) be the third derivative of o**6/120 + o**5/20 + o**4/24 - 7*o**2. Suppose -4*n - 4*a - 70 + 6 = 0, -2*n + 4*a - 2 = 0. Let v = 8 + n. What is x(v)?
-3
Let x(k) = 7*k**2 - 26 + 1 + 12*k**2 - 24*k - 27*k**2 + 6*k**2. Determine x(-11).
-3
Let u(k) = -2*k + 2. Let z be u(0). Let h(n) = 33*n**3 + 3 - 5*n**2 + 4*n**2 - 3*n - 32*n**3. Let q be h(z). Let v(p) = -9*p. Give v(q).
-9
Suppose -10 = 3*b + 2. Let s(t) = -t - 2. Let a be s(b). Let y(o) = o + 1. Give y(a).
3
Let x = 0 - -4. Suppose a = 3*a + 2*c + 4, 4*a + x = -3*c. Let d(f) be the third derivative of -f**4/24 + f**3/6 - 8*f**2. What is d(a)?
-1
Let x(l) = -19*l**2 + 2*l - 1. Let a(j) = -6*j**2 - 12. Let w(d) = -d**2 - d - 1. Let k(p) = -a(p) + 5*w(p). Let q be k(3). Give x(q).
-18
Let j(r) be the third derivative of -r**5/60 + r**4/12 - r**3/3 - 2155*r**2. Let x = -10 + 7. Give j(x).
-17
Let v = 31 - 42. Let x(j) = 8*j**3 + j**2 + 2*j + 11. Let d(g) = -3*g**2 - 2*g - 4 + g + 3*g**2 - 3*g**3. Let p(h) = v*d(h) - 4*x(h). What is p(2)?
-2
Let n(x) = 2*x - 5. Let m be n(5). Suppose -f - 2*f = -5*v + 11, 0 = m*f + 3*v + 7. Let o(d) = 4 - 3 - 1 - 1 - 2*d. What is o(f)?
3
Let s(p) = -9*p + p**3 + 2711*p**2 - 2705*p**2 - 1 - 4 + 0. Let i = -4 - 3. Determine s(i).
9
Let a be ((-1)/(-2)*4)/2. Let j be (a - 0)*(-12)/3. Let k(c) = 6 - 200*c**2 - 5*c + 198*c**2 - 3. Give k(j).
-9
Let s(m) = -m**3 - 4*m**2 + 7*m + 5. Let n = 3 + -1. Let q = 57 - 53. Suppose -q*r + n*z = 9 + 5, -5*r - 37 = 4*z. What is s(r)?
-5
Let s(u) = -u**2 - 4*u - 1. Let o(x) = -2. Let q(n) = 2*o(n) + s(n). Give q(-5).
-10
Suppose 0 = -2*g + 4*b + 22, 0 = g - 4*g + b + 13. Let d(q) be the third derivative of -1/2*q**3 + 7/24*q**4 + 0*q - 18*q**2 + 0. What is d(g)?
18
Suppose -1263*d - 1 = -1262*d. Let q(g) = -18*g**3 - 2*g - 1. Determine q(d).
19
Let n(f) be the second derivative of -f**5/60 - 7*f**4/24 + f**3/3 - 3*f**2 + 12*f. Let p(g) be the first derivative of n(g). What is p(-5)?
12
Let m be ((-2)/(-4))/((-13)/(-416)). Let p(a) = a**3 - 15*a**2 - 15*a - 13. Give p(m).
3
Suppose 9*a + 80 = -19. Let m = a - -8. Let f(x) = 3*x + 1. Give f(m).
-8
Let r(z) = 11*z**2 + 21*z + 8. Let o(j) = -9*j**2 - 19*j - 7. Let s(w) = 6*o(w) + 5*r(w). Determine s(8).
-10
Let d = 366 + -357. Let w(n) = n**3 - 8*n**2 - 11*n + 11. Determine w(d).
-7
Let d(p) = -12 - 4 + 13 - 2 - 8*p. Let w(u) = 3*u + 32. Let k be w(-12). Determine d(k).
27
Let j(w) be the third derivative of w**4/24 - w**3/3 - w**2. Let f be (0 + 4)*(-30)/(-24). Suppose -10*q - 45 = f*q. Calculate j(q).
-5
Let f(t) = -t**2 - 2. Let z be f(2). Suppose 59*i = 62*i. Let r(l) = 1 - 21*l**2 - 6*l + l**3 + 13*l**2 + i + 13*l**2. Calculate r(z).
1
Let i(o) = -12*o**2 - 3*o. Let c(k) = -6*k**2 - 2*k. Let p(g) = -5*c(g) + 3*i(g). Suppose 27*x = 22*x + 30. Suppose -f - x = -7*f. Give p(f).
-5
Let i(f) = 441*f + 1 + 0 - 443*f. What is i(-2)?
5
Let u(l) = 2*l - 31. Let c(h) = -3*h + 44. Let x(t) = -3*c(t) - 4*u(t). Give x(-15).
-23
Let i(h) = h**2 - 19*h + 21. Let g be i(18). Let v(l) = 6 - 2*l - 8*l**2 + 35*l**3 - 34*l**3 + g. What is v(8)?
-7
Let j be (-74)/(-12) - 3/18. Let u(n) = -5*n + 6. Let b(x) = 11*x - 13. Let f(h) = 6*b(h) + 13*u(h). What is f(j)?
6
Let n(a) = 11*a**3 - 17*a**2 - 17*a + 3. Let s(b) be the first derivative of 5*b**4/4 - 8*b**3/3 - 4*b**2 + b + 1. Let i(w) = 4*n(w) - 9*s(w). Give i(5).
-2
Let b = 51 - 32. Suppose 7*n - b + 5 = 0. Let d(x) = 8*x - 3. What is d(n)?
13
Let r(n) = n**3 + 5*n**2 + 2*n + 4. Let i be 2/3 - 100/(-30). Suppose 0 = g - 2*h - 5, 0 = -i*g + h - 6 - 9. Calculate r(g).
-6
Let b = -8 + 2. Let n(g) = -2*g - 6. Let j be n(b). Let u = j - 3. Let p(r) = -r + 3. Give p(u).
0
Let m = -126 - -182. Let p = 55 - m. Let w(i) = 7*i**3 + i**2. Determine w(p).
-6
Let i(y) = -y**3 - y**2 - y + 3. Let j = -348 + 369. Let q = -50 - -29. Let p = q + j. What is i(p)?
3
Let y be (6 - 29/4)*-4. Let o(l) be the first derivative of -1/3*l**3 - y*l - 6 - 3/2*l**2. Give o(-4).
-9
Suppose 50*s - 47*s = -3*d, -s + 4*d - 25 = 0. Let k(o) = -3*o + 3. What is k(s)?
18
Let n(j) = 8. Let m = -35 - -29. Let w(q) = q + 7. Let c(a) = m*w(a) + 5*n(a). Calculate c(-2).
10
Let k(p) be the third derivative of -p**5/120 + p**4/12 + 4*p**3 - 32*p**2. Let i(x) be the first derivative of k(x). What is i(-